{"id":15,"date":"2025-11-13T12:33:13","date_gmt":"2025-11-13T15:33:13","guid":{"rendered":"http:\/\/fasp.br\/?page_id=15"},"modified":"2025-11-13T12:50:06","modified_gmt":"2025-11-13T15:50:06","slug":"colibri-wp","status":"publish","type":"page","link":"http:\/\/fasp.br\/","title":{"rendered":"Home"},"content":{"rendered":"<div data-colibri-id=\"15-c1\" class=\"style-230 style-local-15-c1 position-relative\">\r\n  <!---->\r\n  <div data-colibri-component=\"section\" data-colibri-id=\"15-c2\" id=\"overlappable\" class=\"h-section h-section-global-spacing d-flex align-items-lg-center align-items-md-center align-items-center style-231 style-local-15-c2 position-relative\">\r\n    <!---->\r\n    <!---->\r\n    <div class=\"h-section-grid-container h-section-boxed-container\">\r\n      <!---->\r\n      <div data-colibri-id=\"15-c3\" class=\"h-row-container gutters-row-lg-2 gutters-row-md-0 gutters-row-2 gutters-row-v-lg-2 gutters-row-v-md-0 gutters-row-v-2 style-232 style-local-15-c3 position-relative\">\r\n        <!---->\r\n        <div class=\"h-row justify-content-lg-center justify-content-md-center justify-content-center align-items-lg-stretch align-items-md-stretch align-items-stretch gutters-col-lg-2 gutters-col-md-0 gutters-col-2 gutters-col-v-lg-2 gutters-col-v-md-0 gutters-col-v-2\">\r\n          <!---->\r\n          <div class=\"h-column h-column-container d-flex h-col-lg-4 h-col-md-4 h-col-12 style-233-outer style-local-15-c4-outer\">\r\n            <div data-colibri-id=\"15-c4\" class=\"d-flex h-flex-basis h-column__inner h-px-lg-2 h-px-md-3 h-px-2 v-inner-lg-0 v-inner-md-3 v-inner-2 style-233 style-local-15-c4 position-relative\">\r\n              <!---->\r\n              <!---->\r\n              <div class=\"w-100 h-y-container h-column__content h-column__v-align flex-basis-100 align-self-lg-start align-self-md-start align-self-start\">\r\n                <!---->\r\n                <div data-colibri-id=\"15-c5\" class=\"h-icon style-234 style-local-15-c5 position-relative h-element\">\r\n                  <!----><span class=\"h-svg-icon h-icon__icon style-234-icon style-local-15-c5-icon\"><!--Icon by Icons8 Line Awesome (https:\/\/icons8.com\/line-awesome)--><svg version=\"1.1\" xmlns=\"http:\/\/www.w3.org\/2000\/svg\" xmlns:xlink=\"http:\/\/www.w3.org\/1999\/xlink\" id=\"clone\" viewBox=\"0 0 512 545.5\"><path d=\"M80 112h272v64h-32v-32H112v208h32v32H80V112zm80 80h272v272H160V192zm32 32v208h208V224H192z\"><\/path><\/svg><\/span><\/div>\r\n                <div\r\n                  data-colibri-id=\"15-c6\" class=\"h-global-transition-all h-heading style-235 style-local-15-c6 position-relative h-element\">\r\n                  <!---->\r\n                  <div class=\"h-heading__outer style-235 style-local-15-c6\">\r\n                    <!---->\r\n                    <!---->\r\n                    <h5 class=\"\"><\/h5>\r\n                  <\/div>\r\n              <\/div>\r\n              <div data-colibri-id=\"15-c7\" class=\"h-text h-text-component style-236 style-local-15-c7 position-relative h-element\">\r\n                <!---->\r\n                <!---->\r\n                <div class=\"\">\r\n                  <p>1) A FASP foi descredenciada pelo Minist\u00e9rio da Educa\u00e7\u00e3o (MEC), nos termos da Portaria n\u00b0 247, de 17 de marco de 2015, expedida pela Secretaria de Regula\u00e7\u00e3o e Supervis\u00e3o da Educa\u00e7\u00e3o Superior (SERES\/MEC) .<\/p>\r\n                <\/div>\r\n              <\/div>\r\n            <\/div>\r\n          <\/div>\r\n        <\/div>\r\n        <div class=\"h-column h-column-container d-flex h-col-lg-4 h-col-md-4 h-col-12 style-233-outer style-local-15-c8-outer\">\r\n          <div data-colibri-id=\"15-c8\" class=\"d-flex h-flex-basis h-column__inner h-px-lg-2 h-px-md-3 h-px-2 v-inner-lg-0 v-inner-md-3 v-inner-2 style-233 style-local-15-c8 position-relative\">\r\n            <!---->\r\n            <!---->\r\n            <div class=\"w-100 h-y-container h-column__content h-column__v-align flex-basis-100 align-self-lg-start align-self-md-start align-self-start\">\r\n              <!---->\r\n              <div data-colibri-id=\"15-c9\" class=\"h-icon style-234 style-local-15-c9 position-relative h-element\">\r\n                <!----><span class=\"h-svg-icon h-icon__icon style-234-icon style-local-15-c9-icon\"><!--Icon by Icons8 Line Awesome (https:\/\/icons8.com\/line-awesome)--><svg version=\"1.1\" xmlns=\"http:\/\/www.w3.org\/2000\/svg\" xmlns:xlink=\"http:\/\/www.w3.org\/1999\/xlink\" id=\"gears\" viewBox=\"0 0 512 545.5\"><path d=\"M344 72h32v22.5c13.256 2.334 25.375 7.58 36 15l15-15 22.5 22.5-15 15c7.42 10.625 12.666 22.744 15 36H472v32h-22.5c-2.357 13.388-7.46 25.802-15 36.5L450 253l-23.5 22-15-16c-10.494 7.212-22.48 12.208-35.5 14.5V296h-32v-22.5c-13.256-2.334-25.375-7.58-36-15l-16.5 17-23-23 17-16.5c-7.42-10.625-12.666-22.744-15-36H248v-32h22.5c2.292-13.02 7.288-25.006 14.5-35.5l-16-15L291 94l16.5 15.5c10.698-7.54 23.112-12.643 36.5-15V72zm16 53c-32.885 0-59 26.115-59 59s26.115 59 59 59 59-26.115 59-59-26.115-59-59-59zm-207.5 94.5l11.5 29c8.477-2.118 17.388-3.5 26.5-3.5 9.13 0 18.015 1.362 26.5 3.5l11.5-29 29.5 12-11.5 29c15.108 9.133 27.874 21.944 37 37l29-11.5 12 29.5-29 11.5c2.118 8.458 3.5 17.388 3.5 26.5s-1.382 18.023-3.5 26.5l29 11.5-12 29.5-29-11.5c-9.107 15.23-21.88 28.264-37 37.5l11.5 28.5-29.5 12L217 459c-8.458 2.138-17.388 3.5-26.5 3.5-9.166 0-17.972-1.345-26.5-3.5l-11.5 28.5-29.5-12 11.5-28.5c-15.37-9.23-28.246-22.145-37.5-37.5L68.5 421l-12-29.5L85 380c-2.138-8.477-3.5-17.388-3.5-26.5s1.362-18.042 3.5-26.5l-28.5-11.5 12-29.5L97 297.5c9.236-15.12 22.27-27.893 37.5-37l-11.5-29zm38 57.5c-42.605 0-77 33.895-77 76.5s34.395 77 77 77 76.5-34.395 76.5-77-33.895-76.5-76.5-76.5z\"><\/path><\/svg><\/span><\/div>\r\n              <div\r\n                data-colibri-id=\"15-c10\" class=\"h-global-transition-all h-heading style-235 style-local-15-c10 position-relative h-element\">\r\n                <!---->\r\n                <div class=\"h-heading__outer style-235 style-local-15-c10\">\r\n                  <!---->\r\n                  <!---->\r\n                  <h5 class=\"\"><\/h5>\r\n                <\/div>\r\n            <\/div>\r\n            <div data-colibri-id=\"15-c11\" class=\"h-text h-text-component style-236 style-local-15-c11 position-relative h-element\">\r\n              <!---->\r\n              <!---->\r\n              <div class=\"\">\r\n                <p>2) A Universidade Federal de S\u00e3o Paulo (UNIFESP) foi designada pela SERES\/MEC como respons\u00e1vel pela guarda e pela conserva\u00e7\u00e3o do acervo acad\u00eamico da FASP, bem como pela emiss\u00e3o e registro de diplomas e de documenta\u00e7\u00e3o pertinente aos egressos\r\n                  dessa institui\u00e7\u00e3o de ensino superior, termos do art. 3\u00b0 da Portaria n\u00b0 247, de 17 de marco de 2015, da Secretaria de Regula\u00e7\u00e3o e Supervis\u00e3o da Educa\u00e7\u00e3o Superior (SERES\/MEC)<\/p>\r\n              <\/div>\r\n            <\/div>\r\n          <\/div>\r\n        <\/div>\r\n      <\/div>\r\n      <div class=\"h-column h-column-container d-flex h-col-lg-4 h-col-md-4 h-col-12 style-233-outer style-local-15-c12-outer\">\r\n        <div data-colibri-id=\"15-c12\" class=\"d-flex h-flex-basis h-column__inner h-px-lg-2 h-px-md-3 h-px-2 v-inner-lg-0 v-inner-md-3 v-inner-2 style-233 style-local-15-c12 position-relative\">\r\n          <!---->\r\n          <!---->\r\n          <div class=\"w-100 h-y-container h-column__content h-column__v-align flex-basis-100 align-self-lg-start align-self-md-start align-self-start\">\r\n            <!---->\r\n            <div data-colibri-id=\"15-c13\" class=\"h-icon style-234 style-local-15-c13 position-relative h-element\">\r\n              <!----><span class=\"h-svg-icon h-icon__icon style-234-icon style-local-15-c13-icon\"><!--Icon by Icons8 Line Awesome (https:\/\/icons8.com\/line-awesome)--><svg version=\"1.1\" xmlns=\"http:\/\/www.w3.org\/2000\/svg\" xmlns:xlink=\"http:\/\/www.w3.org\/1999\/xlink\" id=\"magic\" viewBox=\"0 0 512 545.5\"><path d=\"M334 73l11.5 11.5 29 29h56v56l29 29L471 210l-12 11-28.5 27v57.5h-56l-29 27.5-11.5 11-11-11-24-24-187 186.5-11 11.5-11.5-11.5-41-41-11.5-11L48.5 432 235 245l-24-24-11-11 11-11.5 27.5-29v-56H296L323 85zm.5 46L314 140.5l-4.5 5h-39v37L266 187l-21.5 22.5L258 223l61-61.5 11.5-11 11 11 41 41L394 214l-11.5 11.5-61 61 13 13L357 278l4.5-4.5h37v-39l5-4.5 21.5-20.5-22-22-4.5-5v-37h-37l-5-4.5zm-4 76.5l-248 248L101 462l247.5-248zM304 368h32v16h16v32h-16v16h-32v-16h-16v-32h16v-16zm96 32h32v32h32v32h-32v32h-32v-32h-32v-32h32v-32z\"><\/path><\/svg><\/span><\/div>\r\n            <div\r\n              data-colibri-id=\"15-c14\" class=\"h-global-transition-all h-heading style-235 style-local-15-c14 position-relative h-element\">\r\n              <!---->\r\n              <div class=\"h-heading__outer style-235 style-local-15-c14\">\r\n                <!---->\r\n                <!---->\r\n                <h5 class=\"\"><\/h5>\r\n              <\/div>\r\n          <\/div>\r\n          <div data-colibri-id=\"15-c15\" class=\"h-text h-text-component style-236 style-local-15-c15 position-relative h-element\">\r\n            <!---->\r\n            <!---->\r\n            <div class=\"\">\r\n              <p>3) O Minist\u00e9rio P\u00fablico Federal (Procuradoria Da Rep\u00fablica no Estado de S\u00e3o Paulo) instaurou o inqu\u00e9rito Civil n\u00b0 1.34.001.000193\/2015-40, atrav\u00e9s do qual, entre outras tem\u00e1ticas, acompanha a transfer\u00eancia do acervo acad\u00eamico da FASP para\r\n                a UNIFESP;<\/p>\r\n            <\/div>\r\n          <\/div>\r\n        <\/div>\r\n      <\/div>\r\n    <\/div>\r\n  <\/div>\r\n<\/div>\r\n<\/div>\r\n<\/div>\r\n<div data-colibri-component=\"section\" data-colibri-id=\"15-c34\" id=\"features\" class=\"h-section h-section-global-spacing d-flex align-items-lg-center align-items-md-center align-items-center style-246 style-local-15-c34 position-relative\">\r\n  <!---->\r\n  <!---->\r\n  <div class=\"h-section-grid-container h-section-boxed-container\">\r\n    <div data-colibri-id=\"15-c48\" class=\"h-row-container gutters-row-lg-2 gutters-row-md-2 gutters-row-0 gutters-row-v-lg-2 gutters-row-v-md-2 gutters-row-v-2 style-251 style-local-15-c48 position-relative\">\r\n      <!---->\r\n      <div class=\"h-row justify-content-lg-center justify-content-md-center justify-content-center align-items-lg-stretch align-items-md-stretch align-items-stretch gutters-col-lg-2 gutters-col-md-2 gutters-col-0 gutters-col-v-lg-2 gutters-col-v-md-2 gutters-col-v-2\">\r\n        <!---->\r\n        <div class=\"h-column h-column-container d-flex h-col-lg-auto h-col-md-auto h-col-auto style-252-outer style-local-15-c49-outer\">\r\n          <div data-colibri-id=\"15-c49\" class=\"d-flex h-flex-basis h-column__inner h-px-lg-2 h-px-md-2 h-px-2 v-inner-lg-2 v-inner-md-2 v-inner-2 style-252 style-local-15-c49 position-relative\">\r\n            <!---->\r\n            <!---->\r\n            <div class=\"w-100 h-y-container h-column__content h-column__v-align flex-basis-100 align-self-lg-start align-self-md-start align-self-start\">\r\n              <!---->\r\n              <div data-colibri-id=\"15-c51\" class=\"h-lead h-text h-text-component style-254 style-local-15-c51 position-relative h-element\">\r\n                <!---->\r\n                <!---->\r\n                <div class=\"\">\r\n                  <p><strong>Rua Francisco de Castro n\u00ba 55, Vila Clementina \u2013 S\u00e3o Paulo \u2013 SP&nbsp;<\/strong><\/p>\r\n                <\/div>\r\n              <\/div>\r\n              <div data-colibri-id=\"15-c50\" class=\"h-global-transition-all h-heading style-253 style-local-15-c50 position-relative h-element\">\r\n                <!---->\r\n                <div class=\"h-heading__outer style-253 style-local-15-c50\">\r\n                  <!---->\r\n                  <!---->\r\n                  <h2 class=\"\">Endere\u00e7o UNIFESP<\/h2>\r\n                <\/div>\r\n              <\/div>\r\n            <\/div>\r\n          <\/div>\r\n        <\/div>\r\n      <\/div>\r\n    <\/div>\r\n    <div data-colibri-id=\"15-c35\" class=\"h-row-container gutters-row-lg-2 gutters-row-md-2 gutters-row-2 gutters-row-v-lg-2 gutters-row-v-md-2 gutters-row-v-2 style-247 style-local-15-c35 position-relative\">\r\n      <!---->\r\n      <div class=\"h-row justify-content-lg-center justify-content-md-center justify-content-center align-items-lg-stretch align-items-md-stretch align-items-stretch gutters-col-lg-2 gutters-col-md-2 gutters-col-2 gutters-col-v-lg-2 gutters-col-v-md-2 gutters-col-v-2\">\r\n        <!---->\r\n        <div class=\"h-column h-column-container d-flex h-col-lg-3 h-col-md-3 h-col-6 style-248-outer style-local-15-c45-outer\">\r\n          <div data-colibri-id=\"15-c45\" class=\"d-flex h-flex-basis h-column__inner h-px-lg-0 h-px-md-0 h-px-0 v-inner-lg-0 v-inner-md-0 v-inner-2 style-248 style-local-15-c45 position-relative\">\r\n            <!---->\r\n            <!---->\r\n            <div class=\"w-100 h-y-container h-column__content h-column__v-align flex-basis-100 align-self-lg-start align-self-md-start align-self-start\">\r\n              <!---->\r\n              <div data-colibri-id=\"15-c46\" class=\"h-icon style-249 style-local-15-c46 position-relative h-element\">\r\n                <!----><span class=\"h-svg-icon h-icon__icon style-249-icon style-local-15-c46-icon\"><!--Icon by Font Awesome (https:\/\/fontawesome.com)-->\r\n    <svg version=\"1.1\" xmlns=\"http:\/\/www.w3.org\/2000\/svg\" xmlns:xlink=\"http:\/\/www.w3.org\/1999\/xlink\" id=\"mobile-phone\" viewBox=\"0 0 1056.9019 1896.0833\">\r\n      <path d=\"M464 1408q0-33-23.5-56.5T384 1328t-56.5 23.5T304 1408t23.5 56.5T384 1488t56.5-23.5T464 1408zm208-160V544q0-13-9.5-22.5T640 512H128q-13 0-22.5 9.5T96 544v704q0 13 9.5 22.5t22.5 9.5h512q13 0 22.5-9.5t9.5-22.5zM480 400q0-16-16-16H304q-16 0-16 16t16 16h160q16 0 16-16zm288-16v1024q0 52-38 90t-90 38H128q-52 0-90-38t-38-90V384q0-52 38-90t90-38h512q52 0 90 38t38 90z\"><\/path>\r\n    <\/svg><\/span><\/div>\r\n              <div data-colibri-id=\"15-c47\" class=\"h-global-transition-all h-heading style-250 style-local-15-c47 position-relative h-element\">\r\n                <!---->\r\n                <div class=\"h-heading__outer style-250 style-local-15-c47\">\r\n                  <!---->\r\n                  <!---->\r\n                  <h4 class=\"\">Telefone: 11 5576-4848 | VOIP 84041<\/h4>\r\n                <\/div>\r\n              <\/div>\r\n            <\/div>\r\n          <\/div>\r\n        <\/div>\r\n      <\/div>\r\n    <\/div>\r\n  <\/div>\r\n<\/div>\r\n<\/div>","protected":false},"excerpt":{"rendered":"<p>1) A FASP foi descredenciada pelo Minist\u00e9rio da Educa\u00e7\u00e3o (MEC), nos termos da Portaria n\u00b0 247, de 17 de marco de 2015, expedida pela Secretaria de Regula\u00e7\u00e3o e Supervis\u00e3o da Educa\u00e7\u00e3o Superior (SERES\/MEC) . 2) A Universidade Federal de S\u00e3o Paulo (UNIFESP) foi designada pela SERES\/MEC como respons\u00e1vel pela guarda e pela conserva\u00e7\u00e3o do acervo [&hellip;]<\/p>\n","protected":false},"author":1,"featured_media":126,"parent":0,"menu_order":0,"comment_status":"closed","ping_status":"closed","template":"page-templates\/homepage.php","meta":{"footnotes":""},"class_list":["post-15","page","type-page","status-publish","has-post-thumbnail","hentry"],"_links":{"self":[{"href":"http:\/\/fasp.br\/index.php?rest_route=\/wp\/v2\/pages\/15","targetHints":{"allow":["GET"]}}],"collection":[{"href":"http:\/\/fasp.br\/index.php?rest_route=\/wp\/v2\/pages"}],"about":[{"href":"http:\/\/fasp.br\/index.php?rest_route=\/wp\/v2\/types\/page"}],"author":[{"embeddable":true,"href":"http:\/\/fasp.br\/index.php?rest_route=\/wp\/v2\/users\/1"}],"replies":[{"embeddable":true,"href":"http:\/\/fasp.br\/index.php?rest_route=%2Fwp%2Fv2%2Fcomments&post=15"}],"version-history":[{"count":7,"href":"http:\/\/fasp.br\/index.php?rest_route=\/wp\/v2\/pages\/15\/revisions"}],"predecessor-version":[{"id":173,"href":"http:\/\/fasp.br\/index.php?rest_route=\/wp\/v2\/pages\/15\/revisions\/173"}],"wp:featuredmedia":[{"embeddable":true,"href":"http:\/\/fasp.br\/index.php?rest_route=\/wp\/v2\/media\/126"}],"wp:attachment":[{"href":"http:\/\/fasp.br\/index.php?rest_route=%2Fwp%2Fv2%2Fmedia&parent=15"}],"curies":[{"name":"wp","href":"https:\/\/api.w.org\/{rel}","templated":true}]}}